+ 2 + 5*s. Let v be f(1). Suppose -o + 16 + v = -3*k, -5*o = 3*k - 168. List the prime factors of o.
3, 11
Suppose 2*g = -2*x + 5576, 0 = 3*g + 5*x - 4379 - 3975. What are the prime factors of g?
3, 7, 19
Let t be (-18)/(-8) + 8/(-32). What are the prime factors of 44/(-3 + 5) - t?
2, 5
Let n = 14 - 8. Suppose n = q + 2. Suppose 6*a = q*a + 38. List the prime factors of a.
19
Suppose 0*p + 21 = -7*p. Let a be 240/25*(-50)/p. Suppose 4*j - 17 = -y, -5*y + 6*j = j - a. List the prime factors of y.
29
Suppose 4*a = 16, -4*d + 3*a - 36 = -2*a. List the prime factors of 2/(-8) - 225/d.
2, 7
Let l = -12 + 14. Suppose -q = -5*j + 356, -4*q - 2 = -l*q. What are the prime factors of j?
71
Let h(n) = n**2 - 3*n - 6. Let t be h(10). Suppose 2*j + 3*p - t = 0, -j = -3*p - 12 - 2. List the prime factors of j.
2, 13
Let k(s) = 9*s + 7. Let p(a) = -a**2 - 6*a + 10. Let y be p(-7). List the prime factors of k(y).
2, 17
Suppose 3*o - 295 = -5*q, 3*q = -0*o - 4*o + 177. Let y = 2 + q. List the prime factors of y.
61
Suppose -50927 - 37140 = -23*m. List the prime factors of m.
7, 547
Suppose 5*c + 2735 = 110. Let y = -291 - c. What are the prime factors of y?
2, 3, 13
Suppose 4*a - 5*z - 940 = 0, z - 139 = -2*a + 345. Suppose -a = -t - t. What are the prime factors of ((-2)/(-3))/(8/t)?
2, 5
What are the prime factors of (-2)/8 + (-72037)/(-164)?
439
Let z = 10 + 5. Suppose 0 = 2*r - 5*r + z. Suppose 10*a - r*a = 70. What are the prime factors of a?
2, 7
Suppose d = 4*u + 4, -3*u + d - 4 = -0*d. Let w be -2 + u + (-352)/(-8). Let n = 85 - w. What are the prime factors of n?
43
Let a be 6/14 - (-425)/119. Suppose 0*h = -3*h + 42. Suppose -5*p - a = -3*o, 4*o + 4*p = 2*p + h. List the prime factors of o.
3
Let w = 7013 - 3307. List the prime factors of w.
2, 17, 109
Let f(t) = 4*t + 1. Suppose 2*z + 1 - 23 = 4*i, 4*i + 17 = -3*z. What are the prime factors of f(z)?
5
Let a = -122 - -403. List the prime factors of a.
281
Let q(o) = -10*o + 14*o**3 + 6 + 10*o - 4*o**2 + 0*o**2. List the prime factors of q(2).
2, 3, 17
Suppose 5*m + 24 = 8*m. Let f(y) = 26*y - 14. What are the prime factors of f(m)?
2, 97
Suppose -25*i + 432 + 4293 = 0. What are the prime factors of i?
3, 7
Suppose 3*z = -6 + 18. Suppose v + z*r = -4, 0*v - r = v - 2. Suppose -69 = -3*g - 4*a + a, 76 = v*g - 4*a. List the prime factors of g.
3, 7
Let g(h) = -h + 2. Let u be g(-10). Let n be (-11)/(-3) + (-8)/u. What are the prime factors of (-590)/(-15) - (-2)/n?
2, 5
Let m(d) = -3*d - 17. Let z be m(-7). Suppose 0 = -4*x - z*p + 324, -3*x - 5*p = -0*p - 241. What are the prime factors of x?
2, 41
Suppose 3*c = -3*z + 60, -2*z - 2*z - c = -80. Suppose -5*i - z + 30 = 0. What are the prime factors of (-1)/2 - (-25)/i?
2, 3
Suppose 2*a + 7 = -4*j + 21, -4*a = 3*j - 13. Suppose -8*y + j*y = -20. List the prime factors of y.
2
Let h(p) = 49*p - 159. Let d(m) = 16*m - 53. Let v(w) = 8*d(w) - 3*h(w). What are the prime factors of v(-8)?
5, 41
Let j(s) = -294*s - 53. List the prime factors of j(-2).
5, 107
Suppose -360*c + 328*c + 83456 = 0. What are the prime factors of c?
2, 163
Let g(k) = 544*k + 5. What are the prime factors of g(1)?
3, 61
Let n(j) = 4*j**3 + 14*j**2 - 39*j - 10. Let h(b) = -11*b**3 - 42*b**2 + 118*b + 30. Let z(u) = 3*h(u) + 8*n(u). What are the prime factors of z(-17)?
163
Suppose 14*y = 18657 - 5189. What are the prime factors of y?
2, 13, 37
Let x(c) = -27*c**3 + 6*c**2 - c + 4. Let h be x(3). Let t = -397 - h. What are the prime factors of t?
277
Suppose 4*n + 8 = 0, -5*n - 8395 = -33*r + 28*r. List the prime factors of r.
3, 13, 43
Let t = 363 + -41. What are the prime factors of t?
2, 7, 23
Let p(g) = -2*g + 3*g - 19 + 5*g + 0*g. List the prime factors of p(18).
89
Let w(n) = -4*n - 28. Let v be w(-11). Let o = 50 + v. List the prime factors of o.
2, 3, 11
Let n = 5 - 3. Suppose -3*r + 7*r = 2*o + 10, 0 = 5*r - 15. What are the prime factors of -4 - (o - n)*59?
5, 11
Let w(b) = 10*b**2 - 3*b + 5. Let f be w(6). Suppose -7*z + 388 = -f. Suppose -4*h + 209 = -5*r, -2*h - 5*r + z = -8*r. List the prime factors of h.
3, 17
Let k(d) = -d**2 - 10*d. Let f be k(-8). Suppose 11*u = f*u - 195. List the prime factors of u.
3, 13
Let q(p) = p**2 - p - 26. Let x be q(6). Suppose 95 = n + x*f - 67, -f = 4. List the prime factors of n.
2, 89
Let t(n) = -n**3 + 4*n**2 - 4*n - 2. Let y be t(4). Let h(r) = -r**3 - 17*r**2 + 16*r - 29. List the prime factors of h(y).
7
Let r(d) = d**2 + 13*d + 12. Let a be r(-11). Let f be ((-8)/a)/((-5)/(-50)). Let c(i) = 5*i - 7. What are the prime factors of c(f)?
3, 11
Let f = -1396 + 1585. What are the prime factors of f?
3, 7
Let t(q) = -4*q**2 + 5*q - 13. Let b(w) = 11*w**2 - 14*w + 40. Let s(p) = 3*b(p) + 8*t(p). What are the prime factors of s(13)?
3, 53
Suppose 578 + 102 = 5*a. Suppose 2*v + a = 2*m, 4*m + m + 4*v - 295 = 0. List the prime factors of m.
3, 7
Suppose 2 = 2*d - 6. Suppose g - 38 = 4*o, 3*g - 2*o = -0*g + 84. What are the prime factors of 914/g - d/26?
5, 7
Suppose 0 = -41*u + 38*u + 1203. What are the prime factors of u?
401
Let z(s) = 27*s**2 - 19*s + 17. What are the prime factors of z(5)?
3, 199
Let f(y) = -y**3 + 11*y**2 - 10 - 11*y**3 + 13*y**3 + 13*y. List the prime factors of f(-7).
5, 19
Suppose 5*f = j - 1, 0*j + 3*f = j + 5. What are the prime factors of (-4)/j - 18/14 - -153?
2, 19
Suppose -a = 3*a + 8. Let t = a - -17. Let p = -6 + t. List the prime factors of p.
3
Suppose 339*i - 328*i = 8888. What are the prime factors of i?
2, 101
Let i = -2 - 0. Let k(n) = -3*n**3 - 2*n**2 - 7*n. Let l(z) = -z**3 + 2*z - 1. Let c(q) = k(q) + 2*l(q). What are the prime factors of c(i)?
2, 3
Let u be (0 + (-36)/2)*2. List the prime factors of (-1684)/u - 2/(-9).
47
Suppose -6*g + 6 = -3*g. Suppose g*d + d - 84 = 0. What are the prime factors of d?
2, 7
Let y = -155 - -394. List the prime factors of y.
239
Suppose -26*f - 26*f + 52052 = 0. List the prime factors of f.
7, 11, 13
Let y(l) = -l + 15. Let d be y(0). Let n = 20 - d. Suppose 63 = 3*z + 5*c - 13, n*z + 2*c = 95. List the prime factors of z.
17
Let d(f) = -f**2 + 3*f. Let x be d(2). Suppose 4*p = c + 37, 0*c + 6 = 2*p + x*c. List the prime factors of p.
2
Let d(n) = -50*n + 193. List the prime factors of d(-11).
743
Let f = 3427 + -2318. What are the prime factors of f?
1109
Let n be 0/(-1 - (-1 + 3)). Suppose n = 9*d - 18*d + 2178. What are the prime factors of d?
2, 11
Let j(p) = 57*p**2 + 14*p + 69. List the prime factors of j(-6).
3, 7, 97
Suppose -13 + 7 = -3*t. Suppose 2*z = -3*z - 5*i + 185, i - 79 = -t*z. Let q = z + -25. List the prime factors of q.
17
Suppose 2*v + 1 = 7. Let z be v/1*52/(-6). Let u = 31 - z. What are the prime factors of u?
3, 19
Let a(p) = 2*p - 28. Suppose 0 = -4*c - u - 5, -2*c - 5*u = -3*c + 25. Let d be a(c). List the prime factors of d/(-1) + (-24)/(-8).
31
Let o be 0 + -2 + (-8)/(-4) + 3. Suppose -104 = -2*v - 24. Suppose -o*h + v = -131. What are the prime factors of h?
3, 19
Suppose -i - 4*j = -2*i + 398, 0 = -i - 4*j + 390. What are the prime factors of i?
2, 197
Let k = -592 + 1982. List the prime factors of k.
2, 5, 139
Let d = 5 - 19. Let f be (-27)/(-1) - (-1 - 1). Let h = f + d. What are the prime factors of h?
3, 5
Suppose 4*z + 3 = 5*z. Let r(x) = x**3 - 9*x + 11 - x**3 - 2 + 10*x**2 - x**z. What are the prime factors of r(9)?
3
Let b be 3 + (-12 - -2)/5. Suppose 4*n + b = 9. Suppose -7*t + 3*t - n*j + 12 = 0, 0 = -5*t + j + 29. What are the prime factors of t?
5
Let s(d) = 9*d**2 - 60*d + 10. List the prime factors of s(-7).
13, 67
Let b = 31 - 24. Suppose -2*i + b*q = 8*q - 160, 5*q + 20 = 0. List the prime factors of i.
2, 41
Let m(d) = 210*d - 154. What are the prime factors of m(8)?
2, 7, 109
Suppose 4*f - 4 = -5*o - 0*o, -3*f = 5*o - 8. Let s be (28/(f - -6))/2. Suppose -c + 5*x = -s, -c - 4*x + 27 = x. What are the prime factors of c?
17
Let w(r) = -7*r + 15. Let z be w(6). Let f = -15 - z. List the prime factors of 3/(-12) + 27/f.
2
Let c = -26 + 26. Suppose a + 3*l = -l + 17, c = a + l - 20. What are the prime factors of a?
3, 7
Let k = 13 + -10. Suppose 0 = -k*b + 2*b - 3. List the prime factors of 39/b*(-2)/2.
13
Let b = 589 + -11. List the prime factors of b.
2, 17
Let j(h) = -h**3 - 18*h**2 - 30*h + 14. What are the prime 